+ 14 = 4*h + 4*f, 3*h = 4*f + 5. Suppose -h*w + 28 = w. What is the highest common divisor of w and 77?
7
Let z be 0 - (-4 + 2) - -2. Let x = z + 50. What is the greatest common factor of 6 and x?
6
Suppose -5*f = -4*q + 37, 4*q - 28 = 2*f + 6. What is the greatest common factor of q and 40?
8
Suppose -2*m + 4*m = 322. Calculate the highest common factor of 23 and m.
23
Let l be 7/((-14)/4) - -20. Let h = l - 10. Calculate the highest common divisor of 72 and h.
8
Let u be 3/(-6)*(-108)/1. Suppose 53 = 3*i - 55. What is the highest common factor of u and i?
18
Suppose 2*k = -k. Suppose k = -5*r + 6 + 14. What is the highest common divisor of 1 and r?
1
Suppose -s = -0*s - 3. Suppose 172 - 46 = s*q. Calculate the greatest common divisor of q and 28.
14
Let b = 1 - -1. Suppose 5*n - 2*y + 82 - 242 = 0, -n = 2*y - 20. Suppose 4*g = 4*d + g - n, -b*g + 13 = d. Calculate the greatest common factor of d and 81.
9
Suppose i - 6*i = -70. Calculate the greatest common factor of 56 and i.
14
Suppose u = -0*u - l + 3, 4*u = l + 27. Calculate the highest common factor of 12 and u.
6
Let d be -13 + 14 + 8*11. Let m = 137 - d. Calculate the highest common divisor of 32 and m.
16
Let b(x) = 11*x - 41. Let l be b(13). What is the highest common divisor of l and 34?
34
Let s = -1 - -3. Let i(t) = 3*t - 3. Let q be i(s). Suppose -2*d + 3*m = q*d - 16, -5*m = 10. What is the highest common factor of 6 and d?
2
Let k = 11 + -3. Suppose 3*s - k = s. Let p be (-106)/(-10) - s/(-10). Calculate the greatest common divisor of p and 1.
1
Let d = 2 + 3. Suppose 2*w + 1 = d. What is the greatest common factor of w and 1?
1
Let r(i) = 9*i - 40. Let j be r(6). Calculate the highest common factor of j and 28.
14
Let m = -26 + 33. Let u(f) be the first derivative of -63*f**2/2 - 1. Let d be u(-1). What is the greatest common factor of d and m?
7
Suppose -64 = -5*w + 2*m, -2*w - 5*m - 2 = -16. Let n = -24 + 48. What is the highest common factor of w and n?
12
Let l = 51 + -28. Suppose -5*m + 3*a = -65, 3*m + 0 = 5*a + l. Calculate the highest common divisor of 40 and m.
8
Suppose 192 = -2*o - 2*o. Let i = 85 + o. Let y = 65 - i. Calculate the greatest common factor of y and 4.
4
Let h = 28 + 44. What is the greatest common divisor of h and 18?
18
Suppose -6*l - 125 = -11*l. What is the greatest common factor of l and 10?
5
Suppose h + 5 = 5*p, 0 = -2*p + 5*h - 14 - 7. Calculate the greatest common divisor of p and 1.
1
Let v = -7 - -18. Suppose -v - 1 = -2*o. Calculate the greatest common divisor of o and 6.
6
Suppose 2*j = -3*v + 46, -3*j - v + 92 = j. What is the greatest common factor of 46 and j?
23
Let k(h) = -h. Let y be k(-4). Suppose 4*u = -0*u + y. Suppose -3*g + 5 = -7. Calculate the highest common factor of g and u.
1
Let x be 0 + (10 - 12/(-3)). What is the greatest common divisor of x and 266?
14
Let w be (24/16)/((-3)/(-2)). Suppose h = 11 + w. Let u = 205 - 121. What is the greatest common factor of h and u?
12
Let v(n) = n**3 - 4*n**2 + 3*n + 2. Let u be v(4). Calculate the highest common divisor of u and 84.
14
Let g(q) = 2*q**2 + q**2 + 2*q + 3 - 2*q**2. Let i(y) = -y**2 + y + 2. Let u be i(-2). Let z be g(u). What is the highest common factor of z and 1?
1
Suppose 55 = 6*a + 181. Let f = 65 + -36. Let y = f + a. Calculate the highest common factor of 20 and y.
4
Let i be -6*(3 + (-39)/6). What is the highest common factor of 7 and i?
7
Let j be 2/((4/(-6))/(-1)). Suppose -j*o = -0*o - 162. Calculate the greatest common factor of 18 and o.
18
Suppose 2*z + 3*y = 1, 0 = 5*z - y + 5*y - 6. Suppose -4*k + 10 = 2*p - 18, -2*p = -z*k + 26. Calculate the highest common divisor of k and 9.
9
Suppose 4*z - 3*z - 15 = -2*l, -z + 1 = -5*l. What is the greatest common factor of 1 and z?
1
Let y be -3 + 11 + -2 - 2. Let z be -5*(4/y - 12). What is the greatest common factor of 5 and z?
5
Let w be (2 - 1)/((-1)/229). Let s = -130 - w. Let l(p) = p**2 + 11*p + 9. Let h be l(-11). What is the greatest common divisor of s and h?
9
Let q(g) = -3*g + 2. Let u be ((-3 - 15)/3)/1. Let a be q(u). Let s = 21 + -13. Calculate the greatest common factor of s and a.
4
Suppose 2*h = -h + 84. Let l = 8 + h. Calculate the highest common divisor of l and 24.
12
Suppose 4*v + 12 + 26 = 3*h, 0 = -2*h + v + 27. Calculate the greatest common factor of h and 70.
14
Let n = 6 + 1. What is the highest common divisor of 28 and n?
7
Suppose -3*f - 12 = 0, 2*l = -0*l + 2*f + 330. Suppose -2*y + l - 49 = 0. Calculate the greatest common factor of y and 7.
7
Suppose t - z - 27 = -4*z, 3*z - 51 = -2*t. What is the highest common factor of t and 120?
24
Suppose -2*m - 17 = -3*k, -7*m = k - 5*m + 5. Let h = k + 0. Calculate the highest common divisor of h and 21.
3
Let k(w) = 20*w**3 - 2*w + 1. Let o be k(1). Suppose 0 = h + o - 139. Suppose -5*n + 5 = 0, l + 2*l - 43 = 2*n. What is the highest common divisor of h and l?
15
Suppose 3*k = -5*m + 34 + 56, 2*k + 5 = m. What is the greatest common divisor of 135 and m?
15
Let c(b) be the second derivative of b**5/20 + b**4/2 - b**3/6 - 2*b**2 + 4*b. Let x be c(-6). What is the highest common divisor of x and 2?
2
Let c(n) = -33*n**3 + 3*n + 2. Let i be c(-1). Suppose -5*t + 24 = 4*u, 2*u + 1 = 3. What is the highest common divisor of t and i?
4
Suppose 12 = s - 72. Let k(f) = -f**3 - 8*f**2 + 21*f + 22. Let b be k(-10). Calculate the greatest common divisor of s and b.
12
Let o(p) = -p**3 - 11*p**2 + 23*p + 9. Let s be o(-13). What is the greatest common divisor of 120 and s?
24
Suppose c + 3*a = -a + 28, -a = -2. Calculate the greatest common divisor of 20 and c.
20
Let k be -1 + 18 + (-6 - -3). What is the greatest common factor of k and 112?
14
Let g = -129 - -225. Let l be (g - -1) + (0 - 1). Calculate the greatest common factor of 12 and l.
12
Let c(y) = y**2. Suppose -1 = 3*n - 7. Let s be c(n). Suppose v + 2*z = 12, -4 - 1 = -5*v + z. What is the greatest common factor of v and s?
2
Let g be ((1 - 3)/6)/(3/(-54)). Calculate the greatest common divisor of g and 72.
6
Let c(i) = -i**3 - 8*i**2 - 5*i + 8. Let u be c(-7). Let q = -2 - u. What is the greatest common divisor of q and 32?
4
Suppose -3*w = -7*w. Suppose 4*s - 8*s + 88 = w. Calculate the highest common divisor of 55 and s.
11
Suppose -2*s + 8 = -2, -3*s = 2*u - 45. Let b be 6/27 + ((-4852)/(-18))/2. What is the highest common factor of b and u?
15
Let h be 14 + 0 + -1 + 3. Let g(b) = -54*b**3 + 2*b**2 - 1. Let k be g(1). Let w = k - -101. What is the greatest common divisor of h and w?
16
Suppose -60 = -5*a - 0*a. Calculate the highest common divisor of a and 60.
12
Suppose -4*x + 4*s + 52 = 0, 0 = 5*x + 4*s - 0*s - 101. Calculate the highest common factor of 51 and x.
17
Let r = -5 + 11. Suppose 3*m - d = r*m - 41, -3*m + d = -49. Let u(q) = -q**3 - 6*q**2 - 9*q - 9. Let f be u(-6). What is the greatest common factor of m and f?
15
Let s = 3 - 1. Suppose -3*i + 160 = s*i. What is the highest common divisor of 8 and i?
8
Let z(o) = 1 - o**3 - 3*o**2 + 0*o**2 + 2*o**2 + 7*o - 4*o. Let i be z(-3). What is the highest common divisor of i and 110?
10
Let w(u) = u**2 - 8*u - 6. Let f be w(9). What is the highest common factor of f and 12?
3
Suppose -6 = -k - 3. Suppose 4*w - k*o - 30 - 16 = 0, 0 = 3*w + 5*o - 20. Calculate the highest common factor of 30 and w.
10
Let x(b) = 5*b - 7. Let z be x(5). What is the greatest common divisor of 234 and z?
18
Let q(g) be the first derivative of g**2/2 + 16*g + 1. Let j be q(0). What is the highest common factor of 40 and j?
8
Let c be (-9 - -66) + 6/(-1). Calculate the greatest common factor of 17 and c.
17
Let n be -2 + (-12)/(-16)*4. Calculate the greatest common divisor of 7 and n.
1
Let t(r) = r**3 + 5*r**2 - r - 3. Let m be t(-5). Let p = m - -2. Suppose -p*a + 167 = 39. What is the greatest common divisor of a and 16?
16
Let n be ((-88)/(-5) - 2/(-5))/2. Calculate the greatest common factor of n and 6.
3
Suppose -2*k - 7 = -3*k. Suppose -3*a = h - 63, -2*a = -k*a - h + 103. Calculate the greatest common factor of a and 10.
10
Let i be (20/(-6)*-3)/2. Suppose 3*t - 16 = -i*a, -3*t - 7 = -a + 7. Let m(x) = -x**3 + x. Let q be m(t). Calculate the greatest common factor of 36 and q.
12
Suppose 3*i + 5*f = 4*i - 80, -i + 64 = 3*f. What is the highe